)/(-7)). Calculate the highest common factor of t and 26.
26
Suppose -2*u + 5*u - 5*r = 47, 67 = 3*u + 5*r. Suppose 2*h - 7*h + 380 = 0. What is the greatest common factor of u and h?
19
Let c(l) = -l. Let m be c(-5). Suppose -m*w + 2*w = -6. Suppose -23 + 83 = 3*x. What is the greatest common divisor of w and x?
2
Let u be (-3)/((-6)/4) - -31. Calculate the greatest common factor of u and 11.
11
Suppose 2*z - 38 = -4*c - c, -3*c + z + 25 = 0. Calculate the greatest common divisor of 8 and c.
8
Let l(r) = r**2 - 5*r + 4. Let t be l(4). Suppose -2 + 4 = z. Suppose t = z*b - 36. Calculate the highest common divisor of 2 and b.
2
Let w(v) = 35*v - 4. Let a be w(3). Suppose 0 = 2*n + 3*x - 35, -5*n + 2*x - 5*x + a = 0. Let u = -8 - -19. Calculate the highest common divisor of u and n.
11
Let u(q) = -5*q - 1. Let s be u(-1). Suppose -s = -z - 3. Calculate the highest common divisor of 1 and z.
1
Let f be -6 - 1 - (-1 + 1). Let x = 28 + f. Let r be (x/(-2))/(5/(-20)). What is the highest common divisor of r and 28?
14
Suppose 1 = 4*x - 15. Calculate the greatest common divisor of 2 and x.
2
Suppose 3*y - 9 + 0 = 0. Let o be (1 - (y - 4)) + 7. Calculate the highest common factor of 6 and o.
3
Suppose 4*t = 2*t + 2. Let p(b) be the third derivative of 9*b**6/20 - 6*b**2. Let h be p(t). Calculate the highest common divisor of 6 and h.
6
Let a(x) = 28*x. Let l(c) = c**2 + 4*c - 4. Let n be l(-5). Let o be a(n). Calculate the greatest common divisor of o and 7.
7
Suppose -4*f = -8*f + 84. Let y = -8 + f. Calculate the greatest common factor of y and 39.
13
Let x = 11 - 8. Let v(h) = -3*h - h**3 - 2 - 4*h - 2*h - 8*h**2. Let q be v(-7). What is the highest common divisor of x and q?
3
Let o be (-2)/3 + 4/(-3). Let a = o + 4. Suppose 4*b + 0 - 4 = 0. Calculate the highest common factor of a and b.
1
Let t = -23 - -36. Calculate the highest common factor of 52 and t.
13
Suppose 5*a + 13 - 3 = 0, d + 5*a - 58 = 0. Let z = d - 146. Let c be 6/((-165)/z + -2). What is the greatest common divisor of 13 and c?
13
Let z = -37 + 89. Let k be (-1 - -14)/(1 + 0). Calculate the highest common factor of k and z.
13
Suppose 5*x - 151 = -26. Calculate the greatest common divisor of x and 5.
5
Suppose 3*p + 4*t = 8*p - 100, -3*p - 2*t = -82. Calculate the highest common divisor of 12 and p.
12
Suppose -3*o = 5*l - 69, -o - o - 5*l = -51. Suppose -3*f - 6 = -384. What is the greatest common factor of o and f?
18
Suppose -3*v = -3*d - 147, 0*v = 3*v + 4*d - 119. What is the highest common divisor of 15 and v?
15
Let h = -1 - -6. Suppose 5*g + 0*l - 70 = -2*l, -80 = -5*g - 4*l. Suppose -h*x + 2*x = -g. What is the highest common divisor of x and 32?
4
Suppose 2*k - 20 = -0*k. Let u = 56 + 54. Calculate the highest common factor of u and k.
10
Let r be (-16)/7 + (-2)/(-7). Let w be (-5)/(5/r) - -1. Suppose -93 = -5*x - 4*u + 2*u, -w*u = -4*x + 56. What is the greatest common divisor of 170 and x?
17
Let p = 10 - 16. Let x = 30 + p. Calculate the greatest common divisor of 8 and x.
8
Let g(q) = -q**3 + 16*q**2 - 5*q. Let w be g(15). What is the highest common factor of 60 and w?
30
Let a = -11 - -26. Suppose -4*p - p = -a. Let k = 62 + -53. Calculate the highest common divisor of k and p.
3
Suppose 19*g - 17*g = 198. Let c = -3 + 14. Calculate the highest common factor of g and c.
11
Suppose -7*n + 2*n = -85. Suppose m - n = 31. What is the highest common divisor of 6 and m?
6
Suppose 3*o = 5*o - 12. Suppose -4*i + 9 + 15 = 0. What is the greatest common divisor of i and o?
6
Suppose -8*l - 3*x + 225 = -4*l, 245 = 4*l - x. What is the greatest common factor of l and 30?
30
Let x = 101 + 4. What is the highest common divisor of 15 and x?
15
Let a(o) = -o + 12. Let j be a(0). Let l be (-9)/4*(-224)/6. Calculate the highest common divisor of j and l.
12
Let m = 30 + -26. Suppose m*g + 2*g = 108. What is the highest common factor of g and 9?
9
Let y = 73 + -45. Let w be -4*66/3 - 1. Let i = w + 159. What is the greatest common factor of i and y?
14
Suppose -3*u + 4*h = -60, -u + 34 = -3*h + 9. What is the highest common divisor of u and 20?
4
Let r be 2/(-12) + 51/(-18). Let j be 5 + r + 3/1. Calculate the highest common divisor of j and 55.
5
Let f = 41 + -20. Calculate the highest common divisor of 63 and f.
21
Suppose 0 = -s - 3*s - 68. Let d = s + 27. Calculate the greatest common divisor of d and 25.
5
Let x be (-3 + (-22)/(-6))*6. Suppose 2*y + 0*y = 0. Suppose y = -s + 5*s - 80. What is the greatest common divisor of x and s?
4
Let m be 1 - (-1)/(-1)*-6. Let z be m + -1*(2 - 0). Suppose 4*b = -6 + 226. Calculate the highest common factor of b and z.
5
Let z(b) = -3*b**2 - 2*b + 2*b**2 + 7*b + 1. Let a be z(5). Let d be 1 + 0 - (a - 11). Calculate the greatest common divisor of 22 and d.
11
Let l be (-2 - -2)/(5 + -2). Suppose l = -m + 2 + 1. Calculate the highest common divisor of 9 and m.
3
Let b = 27 - 3. What is the greatest common factor of b and 36?
12
Let t = -24 - -58. What is the greatest common factor of 136 and t?
34
Let b(d) be the second derivative of -d**5/20 + 5*d**4/6 - d**3 - 3*d**2/2 - d. Let y be b(6). What is the greatest common factor of y and 21?
21
Suppose -q = q - 4. What is the highest common factor of q and 16?
2
Let z = 43 - 22. Let n(f) = -f**3 + 11*f**2 + 14. Let q be n(11). What is the highest common factor of z and q?
7
Let r = 43 + -22. Suppose 5*n - n = 0. Suppose n = 3*l - 6, -32 = -v - 2*v + 5*l. What is the highest common factor of r and v?
7
Let d(p) = p**2 - 6. Let j be d(-6). Let o = j + -16. Calculate the greatest common factor of o and 14.
14
Suppose -258 = -3*j + 4*y, 4*y + 0*y = -3*j + 282. What is the greatest common factor of 36 and j?
18
Let k be ((-6)/(-8))/(2/8). Suppose 5*a + 45 = -5*y, 2*a + 6 = -k*y - 13. Let f(o) = -5*o + 8. Let n be f(a). What is the greatest common divisor of n and 6?
6
Let x(r) = r**2 - 2*r. Let h be x(4). Let j = 113 - 41. What is the greatest common factor of h and j?
8
Suppose -2*h + 4*k = -24, -h + 18 + 4 = -4*k. Suppose h*v + 2*a - 46 = 0, -5*v + 39 + 68 = 3*a. What is the greatest common factor of 209 and v?
19
Let h = 29 - -56. Suppose -3*b + h = 2*b. What is the highest common factor of b and 119?
17
Suppose -3*h + 4 = -11. Let x be (-22)/(-8) - 4/(-16). Let w be 0 + -1 + 18/x. Calculate the highest common factor of h and w.
5
Let k = 13 - 11. Let o be k + 120/(-3 - -7). What is the highest common divisor of 8 and o?
8
Let t(v) = v - 8. Let q be t(19). Suppose 5*i = -3*b + 43, 2*b = -4*i + 40 - 8. Suppose -b*o + 11 = -5*o. Calculate the greatest common divisor of q and o.
11
Let y = 1 + -5. Let m = y + 8. Let f be m/(-2) - (-23 - -3). Calculate the highest common factor of f and 27.
9
Suppose 0 = l - 2*d - 175, -3*l - d + 223 + 267 = 0. Suppose -75 = -2*q - 3*q. Calculate the greatest common divisor of q and l.
15
Let q(r) = r**2 - r + 1. Let h be q(-4). Suppose -5*n + 7 + 8 = 0. What is the greatest common divisor of n and h?
3
Suppose v + 2*s = 11, -12 = -v + 2*s - 1. Let j be 1/(-4) - 354/(-8). What is the highest common divisor of v and j?
11
Suppose 0 = -z - 3*l + 9, 0*z - 4*l + 9 = z. Let j be 225/(-6)*12/(-5). Calculate the greatest common factor of z and j.
9
Suppose 0 = -2*d - 6*a + 4*a - 32, 0 = -3*a - 12. Let w be 20/3*d/(-10). Let y be 174/15 + (-2)/(-5). What is the greatest common divisor of w and y?
4
Suppose 1 = v + 5. Let q(r) = -r**3 - 3*r + 4. Let k be q(v). What is the greatest common factor of k and 20?
20
Let u(f) = -2*f**3 - 2*f - 1. Let y be u(-1). Let g = y + 0. Calculate the highest common factor of 24 and g.
3
Let h(k) be the first derivative of -k**2 - 1. Let n be h(-1). Let x be (1 - -7)/(2/n). What is the highest common divisor of 4 and x?
4
Let y(r) = r**2 - r + 56. Let d be y(0). Let s be -21*((-8)/(-6))/(-2). What is the highest common divisor of s and d?
14
Let o(w) = 17*w + 1. Let k be o(1). Suppose 0 = 4*f + f - 360. What is the highest common divisor of f and k?
18
Let k be 5*2/2*1. Suppose -n + 4 = k*r, 43 = 3*n + 2*r + 5. Calculate the highest common divisor of n and 56.
14
Suppose 4*g + 0*g + 400 = 0. Let b = 177 + g. Suppose -2*z + z = 5*u - 2, -3*z + 2*u = -23. What is the highest common divisor of z and b?
7
Suppose -2*m + 8 = -4. Let y be 265/15 -